t z(s) = g(s) + v(s). Is z(10) a prime number?
False
Let u = 7 + -13. Let l = 34 + -47. Let v = u - l. Is v composite?
False
Suppose 3*z = -3*v - 357, z = -4*v - z - 476. Let p = 68 - v. Is p composite?
True
Let l(k) = -k**2 + 4*k. Let w be l(3). Suppose 2*n = -3*g - 2*n + 30, w*g - 4*n = 6. Is (-2 + -19)*(-10)/g prime?
False
Suppose -4*s + 2*d = 8, -2*s = -6*s - 5*d + 6. Let c be (s + 0)/((-2)/(-10)). Let l = c - -7. Is l composite?
False
Let t(j) be the third derivative of -3*j**5/20 + j**4/12 - j**3/2 + 4*j**2. Let n be t(2). Let k = -10 - n. Is k prime?
False
Let h(v) = v**3 - 1. Let q(u) = 6*u**3 - u**2 - 4*u - 6. Let s(w) = 4*h(w) - q(w). Let r = -20 + 17. Is s(r) prime?
True
Suppose 552 = -5*x + x. Let t = x + 271. Is t prime?
False
Let u = 1409 - 502. Is u composite?
False
Is (-3 + 30/9)*5469 a composite number?
False
Let t(s) = s**3 + 10*s**2 + s - 3. Let l(x) = -x - 1. Let o(m) = 4*l(m) + t(m). Let u = -6 + -2. Is o(u) prime?
False
Suppose 4*l - c - 498 = 97, 4*l + 5*c - 601 = 0. Is l prime?
True
Is 1 + (-3 + -61)*-12 prime?
True
Suppose -2*r = -7*r + 330. Suppose p + r + 30 = 5*j, -p - 77 = -4*j. Is j composite?
False
Suppose -6*c + c + 5*f + 7010 = 0, 3*c - 4206 = f. Is c prime?
False
Let s(t) = -t + 4. Let o be s(4). Suppose -3*l - 4*k + 3*k = -102, o = -l - 2*k + 39. Is l prime?
False
Suppose -3964 = -28*d + 24*d. Is d a composite number?
False
Suppose -118 = 11*z - 13*z. Is z composite?
False
Let z(a) = 3*a**3 - 8*a**2 + 19*a + 18. Let b(s) = -2*s**3 + 5*s**2 - 13*s - 12. Let j(m) = 7*b(m) + 5*z(m). Is j(5) a prime number?
False
Let h(m) = 1 - 8*m**2 - m**3 - 2*m**3 + 6*m + 2*m**3. Let p be h(-8). Let b = p + 102. Is b a prime number?
False
Let d(b) = 114*b**3 + 4*b**2 - 4*b - 1. Is d(2) a prime number?
True
Let d(s) = s - 1. Let p be d(3). Let c = 190 - p. Let v = -133 + c. Is v composite?
True
Let n(f) = 7*f**2 - 8*f + 25. Is n(14) a prime number?
False
Let f = 52 + -16. Let o = 290 - f. Is o a prime number?
False
Let u(c) = 8*c**2 - 15*c + 10. Let p = -7 - 5. Let l be u(p). Is (-6)/9 + l/6 a composite number?
False
Suppose -2*a - 3*q + 15 = 0, -15 = -a - 2*q - 2*q. Let x(j) = 52*j + 1. Is x(a) a prime number?
True
Suppose 0*p = -4*p. Suppose p*i - 2*i + 42 = 0. Is i prime?
False
Suppose 0 = -3*x + 2*x + 521. Is x composite?
False
Suppose -4*n + 0*n + 5*j = -37, -2*n + 26 = -4*j. Is ((-1)/(-1) - n)*-5 composite?
True
Let p(c) = -6 + 4 - 26*c - 4 + 2. Is p(-3) prime?
False
Let b = 0 - 0. Let f be (-3)/(-3 - (b + -2)). Suppose 5*o + 86 = 4*u, o + 65 = f*u - 3*o. Is u composite?
False
Let t be (-22)/((-1)/((-2)/(-1))). Suppose -2*g + t = -0. Suppose 5*w - s = -4*s + 15, 0 = -2*w + 2*s + g. Is w a composite number?
True
Suppose -2*l + 1114 = 3*c, 3*l + c + c = 1671. Is l composite?
False
Suppose 0 = -2*v + 150 + 140. Is v a composite number?
True
Let y = -64 - -157. Is y composite?
True
Let f(t) = 161*t**2 + 3*t + 3. Is f(-1) composite?
True
Suppose -4*y - 12 = k, 0*y + 2*k = 5*y + 2. Let z = 0 + y. Let g(b) = 5*b**2 + 1. Is g(z) prime?
False
Let j = -3 + 4. Let t = -5 + j. Is ((-3)/t)/(1/28) a prime number?
False
Suppose 12 = 3*v, 4*v = 4*t - 5*t + 3763. Is t a prime number?
False
Suppose -7*y - 1 + 36 = 0. Suppose -u + y*u + 5*t = 133, -145 = -4*u - t. Is u composite?
False
Suppose 0 = 6*r - 4*r + 4*c - 11338, -16974 = -3*r + 5*c. Is r composite?
True
Let f(w) = -w**2 - 4*w + 5. Let g be f(-4). Suppose 0 = g*r - 10. Is r prime?
True
Suppose -4*f + 10470 = 1594. Is f composite?
True
Is (2199/3)/(1 - 0) composite?
False
Let n = -29 + 6. Let m = 62 + n. Is (m + 0)*(4 + -3) a composite number?
True
Let l = 65 - -96. Is l a composite number?
True
Suppose -16*i + 14*i = -494. Is i prime?
False
Let n be 0 + (0 - -4) + 42. Let x be (-4)/(-2) - 150/(-2). Let a = x - n. Is a prime?
True
Let r(g) = g**2 + 13*g - 10. Let c be r(-13). Let b = 73 - 38. Is c/b - 163/(-7) a composite number?
False
Let y(k) = k + 9. Let w(o) = -o**2 - 4*o. Let x be w(-4). Is y(x) composite?
True
Let j be (-1)/(-4) + 383/4. Suppose t - 63 = j. Is (t - (1 - 0))/2 prime?
True
Let i = 131 - 42. Is i a composite number?
False
Let u be ((-4)/(-6))/((-1)/(-39)). Let a = 145 - u. Is a a prime number?
False
Let f(r) = 30*r + 3. Suppose -z - 4*c = -4, 12 = 4*z - z - 3*c. Is f(z) a composite number?
True
Suppose 4*u - 2*r = -r + 149, 70 = 2*u + 4*r. Is u composite?
False
Is 6/2 - (-653 + 7) a prime number?
False
Let h(t) = 34*t - 21. Let i(z) = -11*z + 7. Let c(d) = -6*h(d) - 17*i(d). Is c(-6) composite?
False
Let p(w) = -33*w - 1. Let h be p(-1). Let i = 8 - 17. Let b = h + i. Is b composite?
False
Let x(d) = -d**2. Let c(i) = i + 6. Let z be c(-7). Let v(u) = -4*u - 5. Let n(g) = z*v(g) - 4*x(g). Is n(-5) a prime number?
False
Let d(s) = 20*s**2 + 1. Let o(f) = -f - 11. Let l be o(-10). Is d(l) composite?
True
Let y = 1811 - 768. Is y a prime number?
False
Let m(n) = -3*n**3 - 4*n**2 + 10*n - 6. Let b be m(6). Is 16/56 - b/14 prime?
True
Let x(c) = 891*c**2 + 3*c - 1. Is x(1) a prime number?
False
Suppose 0 = -0*r + r - 2. Suppose 4 = j + b, -r*j - 5*b = -7*j + 10. Suppose 0 = -z - 5*x + 7 + 146, j*z = -5*x + 419. Is z a prime number?
False
Suppose 2*l - 4*l - 4 = j, -l = 3. Is j/6 + (-510)/(-9) prime?
False
Let z(t) = 372*t**2 + 3*t - 2. Is z(1) a composite number?
False
Suppose -1494 = -4*h - 2*t, -2 = -t + 1. Let g = h + -213. Is g prime?
False
Suppose 0 = -j - 3*j + 1060. Is j composite?
True
Suppose a + 33 = 4*a. Suppose -m = 3*g - a, 0 = -5*m + 5*g - 0*g - 5. Suppose 0 = -l - 4*b + 11, 0 = 3*l - m*b + 29 - 90. Is l composite?
False
Let w(a) = -2*a + 4. Let s be w(6). Let m = s - -13. Let v = 40 - m. Is v a prime number?
False
Let u be 0 - (1 - 0 - 1). Suppose 0 = -u*r + 5*r - 3*a - 188, 5*r = 5*a + 190. Is r prime?
True
Let t = 291 - 130. Is t a composite number?
True
Let v = 730 - 249. Is v a prime number?
False
Let q(z) = -z**3 - 4*z**2 + 2*z - 7. Suppose -3*g = 31 - 13. Is q(g) prime?
True
Let r(d) = 4*d**2 + 2*d - 4. Let t(i) = i**2 + 5*i - 3. Let q be t(-6). Is r(q) a prime number?
False
Let y = 121 - -6. Is y prime?
True
Let r = 1298 - 625. Is r prime?
True
Let b = 1 + 2. Suppose -b*g = g - 748. Is g prime?
False
Suppose j - 2*j + 31 = 0. Let c = j + 16. Is c composite?
False
Let m be (-65)/9 - 4/(-18). Is 2/m - (-3564)/28 a composite number?
False
Let o be (-106*(-6)/(-3))/(-2). Let f = -21 + o. Is f prime?
False
Let q(d) = 5*d - 4. Let s = 8 + -5. Is q(s) prime?
True
Let w(i) be the second derivative of 1/6*i**4 - i + 1/3*i**3 + 0 - 1/2*i**2. Is w(-5) composite?
True
Let q(p) = -p**2 + 6*p**2 + 2 - 2*p**2 - p**3 + p. Let b be q(3). Suppose b*d + 13 = f, 3*f - 13 = -d + 3*d. Is f a prime number?
True
Is 3/((-6)/1471)*-2 a prime number?
True
Let n = -83 - 208. Let g = n - -844. Is g a composite number?
True
Let i(v) = 4*v + 2. Let p be i(-3). Let j be (-17)/(-5) - (-4)/p. Suppose -j*b = -26 - 112. Is b composite?
True
Let p = -661 - -1052. Is p a composite number?
True
Suppose 6 = -5*i - 14. Is (1 - 3)*134/i a composite number?
False
Suppose -5*p + 2*j + 43 = 0, p + 2 = 3*p + 3*j. Let x(m) = -m**3 + 7*m**2 - m + 9. Let v be x(p). Suppose 56 + 12 = v*l. Is l a composite number?
True
Suppose k = -2*v - 6, -7 = 4*k - 5*v + 17. Let d(u) = -5*u + 9 - 14*u - 15 + 5. Is d(k) a composite number?
False
Suppose -2*v - 3*y + 15 = -0*v, v - 6 = -y. Suppose -2*p + 4*s = -862, 4*s + 379 = v*p - 922. Is p composite?
False
Let x(i) = 16*i**3 - 15*i**2 - 13*i + 7. Let y(d) = 4*d**3 - 4*d**2 - 3*d + 2. Let c(m) = 2*x(m) - 9*y(m). Is c(-5) composite?
False
Let x(b) = 21*b**3 + b**2 - 3*b - 2. Suppose 2*o - 10 = -2*m, 4 = 3*m + 5*o - 15. Is x(m) a composite number?
True
Is 2 + (4*4/(-4) - -163) a prime number?
False
Let i(o) = -o - 7. Let k be i(-7). Let w be 825/(-1 + -2) - k. Let l = -181 - w. Is l a prime number?
False
Suppose 0 = -0*x - 4*x. Suppose x = -2*m + 80 + 114. Is m composite?
False
Let v be 2/((-1*3)/3). Let x = v - -5. Suppose -3 - 4 = -2*i + 5*c, x*c = -2*i + 15. Is i a prime number?
False
Suppose m - 450 + 58 = -5*p, -167 = -2*p + 3*m. Is p composite?
False
Let b(z) = 10*z. Let i be b(-1). Is (i/(-30))/(1/345) a composite number?
True
Suppose 0*r - 1585 = -5*r. Is r prime?
True
Let i(g) = g**2 - 3*g. Let d be i(3). Is (d + -6)*(-5)/2 composite?
True
Is -4*(